 factor of 21 and 12453.
21
What is the highest common divisor of 440 and 6350?
10
What is the greatest common divisor of 1 and 20445?
1
Calculate the highest common factor of 154 and 9746.
22
What is the highest common divisor of 21538 and 220?
22
What is the highest common divisor of 2006134 and 131?
131
What is the greatest common divisor of 40 and 151290?
10
What is the highest common divisor of 4851 and 233310?
231
Calculate the highest common divisor of 2093 and 48737.
299
Calculate the highest common factor of 18828 and 68513.
523
What is the highest common factor of 630 and 80?
10
Calculate the highest common divisor of 4448 and 256.
32
What is the greatest common factor of 3570 and 4846870?
1190
Calculate the highest common factor of 11663 and 428.
107
Calculate the highest common divisor of 18293 and 143.
11
What is the greatest common factor of 528 and 2415424?
176
What is the greatest common divisor of 12737 and 30691?
47
Calculate the greatest common divisor of 30 and 3491430.
30
What is the greatest common factor of 11 and 10813?
11
What is the greatest common divisor of 198019 and 71?
71
What is the greatest common factor of 554 and 1348159?
277
Calculate the highest common divisor of 11564 and 4802.
98
Calculate the greatest common factor of 3424046 and 142.
142
Calculate the highest common divisor of 7731 and 1440.
9
Calculate the highest common factor of 28 and 149450.
14
What is the greatest common divisor of 594 and 557172?
594
Calculate the greatest common divisor of 27 and 24435.
27
Calculate the highest common divisor of 5264 and 18236.
188
Calculate the greatest common factor of 103064 and 104.
104
Calculate the greatest common factor of 1195 and 25573.
239
Calculate the greatest common factor of 810 and 122850.
270
What is the highest common factor of 2400 and 2550?
150
What is the greatest common factor of 684 and 1112868?
684
Calculate the greatest common factor of 14705 and 8755.
85
Calculate the highest common factor of 96666 and 18.
6
Calculate the highest common divisor of 5604 and 66.
6
Calculate the highest common factor of 14596 and 820.
164
Calculate the greatest common factor of 40 and 5800.
40
Calculate the highest common divisor of 1633571 and 8095.
1619
Calculate the greatest common factor of 256695 and 30.
15
What is the greatest common divisor of 278670 and 280?
70
Calculate the greatest common divisor of 1110699 and 1116.
279
What is the greatest common factor of 115 and 51014?
23
Calculate the greatest common factor of 22 and 68508.
22
Calculate the highest common factor of 180 and 26740.
20
What is the highest common divisor of 4 and 138378?
2
Calculate the greatest common factor of 6448 and 129584.
208
Calculate the greatest common divisor of 3990 and 23370.
570
Calculate the highest common factor of 1060 and 3740.
20
What is the greatest common factor of 187 and 1199?
11
What is the highest common factor of 91809 and 9?
9
Calculate the greatest common divisor of 21573 and 1683.
153
Calculate the greatest common divisor of 475 and 291422.
19
What is the highest common factor of 2009 and 7301?
49
What is the highest common factor of 86607 and 72?
9
What is the highest common factor of 103540 and 5?
5
Calculate the highest common factor of 3 and 12183.
3
What is the highest common divisor of 63 and 26957?
7
Calculate the highest common divisor of 67417 and 399.
7
What is the greatest common factor of 14215960 and 55?
55
What is the greatest common divisor of 716010 and 754?
58
Calculate the greatest common factor of 21 and 126924.
21
What is the greatest common factor of 49 and 693?
7
What is the greatest common divisor of 30 and 1254?
6
Calculate the highest common divisor of 230261 and 1463.
19
What is the highest common divisor of 37007 and 161?
23
What is the greatest common divisor of 3270 and 9483?
327
What is the greatest common factor of 236 and 472?
236
What is the highest common factor of 1390 and 18?
2
Calculate the greatest common divisor of 265 and 890.
5
Calculate the highest common divisor of 14555 and 2982.
71
What is the greatest common factor of 1194 and 5174?
398
Calculate the greatest common factor of 12 and 99096.
12
Calculate the greatest common factor of 154 and 365926.
22
Calculate the highest common divisor of 1580 and 71732.
316
What is the highest common factor of 160 and 16928?
32
What is the greatest common factor of 405 and 59265?
135
Calculate the highest common factor of 1969 and 211220.
179
What is the greatest common divisor of 21 and 2244123?
21
Calculate the highest common divisor of 1556 and 1982733.
389
Calculate the greatest common factor of 22 and 2588080.
22
Calculate the highest common divisor of 316288 and 7168.
896
What is the highest common factor of 101055 and 15?
15
Calculate the highest common factor of 72 and 1260.
36
Calculate the highest common divisor of 812 and 3538.
58
What is the highest common factor of 7134 and 5307?
87
Calculate the highest common factor of 78 and 294944.
26
Calculate the greatest common divisor of 4780 and 20.
20
What is the highest common factor of 135 and 93945?
15
What is the greatest common factor of 490 and 110?
10
Calculate the highest common factor of 210 and 192920.
70
What is the highest common factor of 4605019 and 31?
31
Calculate the highest common factor of 19 and 220723.
19
What is the highest common factor of 271966 and 6736?
842
Calculate the greatest common factor of 24068 and 50871.
547
What is the greatest common factor of 360 and 11820?
60
Calculate the highest common factor of 322 and 543076.
46
Calculate the greatest common factor of 3571 and 8.
1
What is the highest common factor of 3504426 and 454?
454
Calculate the highest common divisor of 1995 and 1352895.
285
What is the highest common divisor of 716567 and 671?
61
Calculate the highest common factor of 440 and 3754.
2
What is the greatest common factor of 241929 and 9?
9
Calculate the highest common divisor of 470190 and 84.
42
What is the greatest common divisor of 188484 and 708?
12
What is the highest common divisor of 9656 and 1278?
142
Calculate the highest common factor of 104 and 11453.
13
Calculate the highest common divisor of 324 and 1245375.
81
Calculate the highest common divisor of 4325 and 25.
25
What is the greatest common factor of 2538 and 2214?
54
What is the greatest common divisor of 34573 and 154?
77
Calculate the highest common divisor of 161 and 49427.
161
What is the highest common divisor of 47138 and 117?
13
What is the highest common divisor of 490 and 13930?
70
Calculate the greatest common divisor of 4037 and 297.
11
What is the greatest common factor of 699 and 44503?
233
Calculate the greatest common factor of 4953 and 6985.
127
What is the highest common divisor of 3417 and 108741?
201
What is the greatest common factor of 418 and 16834?
38
What is the highest common divisor of 1702 and 40478?
74
What is the greatest common factor of 1168 and 41026?
146
What is the highest common divisor of 2190034 and 198?
22
Calculate the greatest common factor of 3515 and 6935.
95
Calculate the highest common divisor of 736 and 1288.
184
Calculate the greatest common factor of 36065 and 20.
5
What is the highest common factor of 17877 and 7552?
59
What is the highest common divisor of 1792296 and 1188?
396
Calculate the highest common divisor of 296 and 9287.
37
Calculate the greatest common divisor of 1004 and 484.
4
Calculate the greatest common divisor of 10994 and 6670.
46
What is the greatest common divisor of 568 and 3?
1
What is the greatest common factor of 1288335 and 15?
15
Calculate the greatest common factor of 1932 and 840.
84
Calculate the highest common divisor of 17493 and 10633.
343
What is the highest common divisor of 862395 and 135?
15
What is the highest common factor of 130 and 417495?
65
What is the highest common divisor of 2343588 and 1494?
498
Calculate the greatest common factor of 1009512 and 84.
84
What is the greatest common divisor of 121809 and 1083?
57
What is the highest common factor of 660680 and 2490?
830
Calculate the greatest common factor of 6771828 and 14.
14
Calculate the highest common divisor of 1 and 15743.
1
Calculate the greatest common divisor of 53 and 2885479.
53
What is the g